- (-18 - -4 - (8 + 28 - 41))?
79
What is the value of 3 - ((1 - -4) + -30 + 21 + -42 + 40)?
9
Evaluate -42 - (12 + -47 + 33).
-40
Evaluate (-22 - -12 - -27) + 0 + -43.
-26
What is the value of -30 - ((-113 - -69) + (-25 - 1))?
40
What is -16 + (-6 + 18 - (25 + -26 - (4 + 43)))?
44
What is (-35 - 44) + (-8 - (-13 + 3))?
-77
What is -36 - ((0 - -6) + 1 - (106 + -110) - 11)?
-36
What is the value of 16 + 104 + -51 + -5?
64
What is the value of 24 + -7 + -1 - (-264 + 272)?
8
What is (-2 - 6) + -98 - (-8 - (-8 - (-15 - -2)))?
-93
Evaluate -13 + (0 - 0) + -841 + 866 + -29.
-17
1 + 8 + (-391 - -386) + -93 + -2
-91
What is the value of 3 + 1 + -4 + 2 + 43 - (1051 + -1054)?
48
Calculate -20 + (-28 - -12 - (-17 - -10)).
-29
Calculate -31 - (9 - (-21 + -1 - -23)).
-39
What is (-47 - -8) + (90 - 86)?
-35
Calculate (14 - (-10 + 22 - 11)) + (58 - -11).
82
What is 81 - (44 + -2 - -11)?
28
(51 - 26) + 29 - (-5 + 8 + -6)
57
What is the value of (-109 - -101) + 1 + 15 - (61 - 2)?
-51
What is the value of -2 + 13 + (-78 - (-5 + (17 - 26)))?
-53
What is the value of 58 - (69 - -19 - -27)?
-57
Calculate -55 - (61 - (195 - 33)).
46
Calculate (-4 - -35) + 223 + -203 + 20 + -1.
70
Calculate (1 - 2) + -2 + (171 + 7 - 214).
-39
Evaluate 0 + (1 - -10 - 24 - -2).
-11
What is -305 - -313 - (54 - 0)?
-46
What is the value of -35 - (-61 + 117 + -115)?
24
Evaluate -34 - ((-54 - (30 - 22)) + 14).
14
What is -117 - (-6 - 53) - (2 - (4 + -12))?
-68
What is 17 + (2 - 22 - (3 - -18))?
-24
(-3 - 103) + -1986 + 2071
-21
Calculate 2 + (12 + (-39 - -10) - (-9 + 3)).
-9
Evaluate -10 - ((10 - (2 + 4 - 2) - -18) + 8).
-42
Calculate -4 - (-8 + (17 - (-12 - -22))) - (1 - 35).
31
What is the value of (1 - -67 - ((-36 - 8) + 42)) + (-10 - 1)?
59
11 - (2 + (-1 + -3 - (-72 - -17)))
-42
What is the value of 1 + 7 - (10 - (-1 - -2) - (380 + -376))?
3
(3 - (8 - 1)) + -2 - (-40 + (92 - 21))
-37
What is the value of 28 - (35 - (28 + 43))?
64
Evaluate -14 + (151 - 32 - -14).
119
Calculate -60 + (46 - -23) + -1 + -53 + -1.
-46
Evaluate -30 - (106 + -35 + -69).
-32
Evaluate (-52 - -71 - -35) + -31.
23
13 + 5 - -64 - 45
37
What is the value of (26 + 1 - 1) + -48 - (0 - (2 - 0))?
-20
What is the value of -47 + 19 + 32 - (-1 + -5 + 51)?
-41
What is the value of -12 - (4 + -39) - (7 - (-1 - -1))?
16
(-1 - (2 - (12 + -16))) + 22 + -12
3
(100 - 0) + (-28 + 29 - (-10 + -5)) + -14
102
What is -6 + 31 + -6 + -6 + -58?
-45
8 + -28 + 14 + -13 + 0
-19
Evaluate 2 + (-18 - -17) + 15 + (-1 + 0 - 1).
14
Evaluate (10 - 5) + -12 + (31 - (-56 + -31)).
111
Evaluate 132 + -134 + (-30 - -120).
88
What is the value of 1210 + -1210 + (0 - 22 - (-7 - -9))?
-24
What is the value of -4 - (-1 - (1 - -26 - (-112 - -117)))?
19
What is the value of 16 + (-9 - -24 - 24) + -1 + (1 - 25)?
-18
(-14 - 8 - 6) + (-7 - (-14 + 8))
-29
What is (2 - (-2 + 14) - (-5 - -9)) + (-48 - -134)?
72
Evaluate -5 + -1 - (111 - -34) - (14 + 2 + -30).
-137
Evaluate -9 - (-88 - 6 - -52).
33
What is ((2 - 0) + -37 + 30 - 3) + 12 + 1?
5
-2 + 68 - (12 - 18 - -26)
46
Evaluate -1 - -3 - ((-43 - (96 - 50)) + 51).
40
What is -32 - (9 - 57) - (-5 + 46)?
-25
What is -31 + (-123 - -142) - (2 + -23)?
9
What is the value of -17 + (-39 - (41 - 164))?
67
What is (-25 - -48) + (-1 - 14) - (-59 - -6)?
61
What is the value of 3 + (-3 - (16 + -12 - -22))?
-26
Calculate (-3 - 112) + (84 - 50).
-81
What is the value of (-2 + 0 - (-1 + (4 - 4)) - 9) + -22?
-32
What is the value of -4 - (-1 + 22 + -12 + 12 + 5)?
-30
What is the value of -56 - -23 - (-37 + 7 - -9)?
-12
Calculate 10 - (-37 - (-56 + 6) - (1 - 27)).
-29
What is 4 + -1 + 2 + 38 - (86 + -74)?
31
What is 40 - (-15 + -50 + 56)?
49
What is -3 + 10 - 0 - (11 + (-31 - 5) + 42)?
-10
Evaluate 4 - 50 - -95 - 1.
48
Calculate (-41 - -49) + (21 + -16 - -7).
20
What is the value of 0 + -35 + -213 + 261?
13
Evaluate (-5 + (22 - 0) - 6) + (-11 - -4).
4
What is the value of -174 + 1 + 86 + -28 + -24?
-139
What is the value of -18 + 8 + -4 + (10 - (-7 - 1)) + -138?
-134
(7 + 76 - 123) + 107
67
What is the value of -44 + 2 - -171 - 217?
-88
Calculate 98 + 2 + (-278 - -207).
29
What is (-74 - 15) + 42 - -19?
-28
What is the value of -38 + (404 - 401) + (-5 - -1)?
-39
1 + 10 + -2 - (85 + (-7 - 80))
11
(-32 - (-38 - 24)) + -15 - (2 + -9)
22
Evaluate 6 - (13 + 0 + (588 - 553)).
-42
What is (-138 + 186 - (-6 + -1)) + -2 + 4 + -9?
48
What is the value of -3307 + 3279 + (21 - -1)?
-6
What is -71 - ((106 - 127) + 86)?
-136
What is (-46 - -9 - -34) + (-1 - -1) - (1 - 0)?
-4
Evaluate 1625 - 1666 - (-21 + 1).
-21
What is the value of (-4 + 4 - 7) + (-8 - -4) + -46 + -2?
-59
Evaluate 73 + (-79 - -13) + -45 + (1 - 2).
-39
Calculate (-17 - 15) + -19 + 18 + 18 + 1 + -11.
-25
What is the value of 5 + (-1 - -28) + -55 + 17 + 50?
44
-158 + (426 - 158) + -129
-19
Calculate (-6 + (-7 + 4 - -10) - 7) + 5 + 48.
47
What is the value of (1190 - 1179) + (0 - 95)?
-84
Calculate 25 + (-18 - -41 - 4).
44
(-8 - (0 - -1)) + (-142 - (-199 + 65))
-17
Calculate (-152 - -111) + 140 + -125.
-26
Evaluate -43 + (93 - 45) + 45.
50
What is -16 - 39 - (4 + 3 + 4 + -9)?
-57
Calculate 62 + -37 + 6 - -1 - -33.
65
Evaluate (3 - 1 - (-4 - -80 - 0)) + (-374 - -376).
-72
Calculate 6 + 4 + 30 + (-27 - -19).
32
What is the value of 11 - (105 - 102 - -72)?
-64
-3 + -14 + (32 - (21 + 35))
-41
-34 + (3 - (0 - 21 - (98 + -111)))
-23
-30 + (9 - 27 - 9) + -8
-65
-35 - (43 + -50) - (1 + 16 + -1)
-44
What is the value of 2 - (-13 + -11 + (19 - 7))?
14
Calculate 42 + -15 + 5 + -74 + 89.
47
Calculate 45 - (0 - -1) - (-31 - -37).
38
Calculate -14 - (-77 + -4 + (-1 - (-7 - 1 - -5))).
65
2 - ((3 - (-4 + 0)) + -3) - (-326 - -249)
75
Evaluate 1 + 6 + (-166 - (-217 - -94)).
-36
What is 107 - (1 + 8) - -6 - 1?
103
What is the value of -8 + (82 + 1 + (-7 - -9) - (266 + -259))?
70
Calculate 0 - ((5 - -5) + -16 + 0) - -34.
40
What is 1 - ((-36 - -1) + 1 + (-19 - -30))?
24
Calculate 2669 - 2635 - (13 - -1).
20
Evaluate -57 - (-3 + (27 - 6) + -38).
-37
What is the value of -3 + -2 + -15 + -370 + 395?
5
-56 - (-33 - 0) - -21
-2
What is the value of 4 + -8 + (9 - 4) + (0 + 6 - -27)?
34
What is the value of 5 - (74 - (23 - (-17 - -44)))?
-73
What is 3 + -4 + -68 - (-1 + -3) - (-13 + 7)?
-59
What is the value of (1 + 24 - -2) + -5 + 16?
38
Calculate -5 + (-3 - -5) - (-6 - 0 - 47).
50
What is (-23 - -18) + 1 + 5 - (-10 - -10)?
1
What is (-46 + 51 - -44) + 61?
110
Evaluate 2 + 1 + 27 - ((10 - -3) + 0).
17
What is -178 + 262 + -1 + (-1 - (-2 + 0)) + 2?
86
What is -105 + 99 - ((22 - 5) + 8)?
-31
What is the value of 4 - (-13 + -7 + -7 + -2)?
33
-16 - (6 + (5 - 18) + 21)
-30
Evaluate 11 - (0 - (-10 - 6)) - -44.
39
What is the value of -135 - (-86 - (-157 + 141))?
-65
What is the value of (0 + -6 - 14 - 8) + -22?
-50
Calculate (17 - -3) + -9 + (0 - 6) + 12 + -10.
7
What is the value of -103 + (-191 - -203 - (4 + 1 - (8 - 11)))?
-99
What is the value of 10 + -3 + -7 + 3 - (-4 + 77)?
-70
What is -42 + (1 - 0) + (-6 - 0 - -19)?
-28
Evaluate 1324 + -1333 - (1 + 18).
-28
Evaluate -10688 + 10664 - (-3 + 78 + 2).
-101
Evaluate (-11 - (-32 - -16) - (32 + (3 - 6))) + 5.
-19
What is 215 + (-146 - -81 - 29)?
121
Calculate -5 - (208 + -203 + (3 - 43)).
30
What is (-13 - (15 + -38)) + 21 + (5 - 9)?
27
What is 3 + -11 - 5 - (-736 - -662)?
61
Calculate (17 - (25 - 8)) + (-34 - (4 - -3)).
-41
-72 - (-96 + (-9 - -77))
-44
Calculate (62 - (8 + 14)) + -18 + -3.
19
Calculate -29 + (25 - (-3 - -13)) + -59.
-73
(1 - -19) + (-120 + 14 - -97)
11
Evaluate (-21 - 19) + 60 + 46.
66
Evaluate 37 - (-17 - (0 + -9) - -9).
36
(2 - (-51 + 41)) + (-5 + 4 - 29)
-18
Calculate 3 - (-4 - -14) - 13 - -75.
55
What is -30 + 42 + 5 - (4 + -2 + 90)?
-75
Evaluate -40 + 80 + -55 - 27.
-42
-4 + -94 - 4 - (-22 - (11 - 43))
-112
What is the value of 0 + -10 + (-6 - -10) + -322 + 350?
22
Calculate -9 + 23 + (19 + -26 - -23).
30
1 - -29 - (-28 + 29 + -27 - (-37 - -11))
30
-129 - (-12 - (-8 - -1)) - (4 - (12 - 5))
-121
What is (8 - 1) + -4 - (1 + 6 + -6 + -29)?
31
Evaluate -3 - (-18 - -6) - (-149 - -153).
5
Calculate -18 - ((4 - (-38 + 22)) + -39).
1
-62 + 43 + 150 - (0 + 35)
96
44 + -136 - -50 - -52
10
Evaluate (12 - 29 - 2) + 12 + 44 + 5.
42
Evaluate (1 + 21 - (-140 + 155)) + 16.
23
What is the value of -55 - (-46 - (50 - 82))?
-41
What is 115 - 91 - (28 